{"id":7332,"date":"2026-04-01T16:39:38","date_gmt":"2026-04-01T19:39:38","guid":{"rendered":"https:\/\/inbeco.com.ar\/?post_type=product&#038;p=7332"},"modified":"2026-04-20T10:33:57","modified_gmt":"2026-04-20T13:33:57","slug":"anodo-de-magnesio-50-95-90l-repuesto-termotanque-senorial","status":"publish","type":"product","link":"https:\/\/inbeco.com.ar\/index.php\/producto\/anodo-de-magnesio-50-95-90l-repuesto-termotanque-senorial\/","title":{"rendered":"\u00c1nodo de Magnesio 50\/95\/90L Repuesto Termotanque Se\u00f1orial"},"content":{"rendered":"<p>\u00bfQue incluye el producto?<\/p>\n<p>1 \u00c1NODO DE MAGNESIO SE\u00d1ORIAL 50\/95\/90L.<\/p>\n<p>Caracter\u00edsticas: Largo del \u00e1nodo solo: 682mm.<\/p>\n<p>Largo c\/Rosca: 702mm.<\/p>\n<p>Di\u00e1metro: 19mm.<\/p>\n<p>Compatible con todos los modelos de termotanques a gas y el\u00e9ctricos de 50 a 95 Litros de Se\u00f1orial.<\/p>\n<p>Este repuesto es ORIGINAL de Se\u00f1orial.<\/p>\n","protected":false},"excerpt":{"rendered":"<p>\u00bfQue incluye el producto? 1 \u00c1NODO DE MAGNESIO SE\u00d1ORIAL 50\/95\/90L. Caracter\u00edsticas: Largo del \u00e1nodo solo: 682mm. Largo c\/Rosca: 702mm. Di\u00e1metro: 19mm. Compatible con todos los modelos de termotanques a gas y el\u00e9ctricos de 50 a 95 Litros de Se\u00f1orial. Este repuesto es ORIGINAL de Se\u00f1orial.<\/p>\n","protected":false},"featured_media":7327,"comment_status":"open","ping_status":"closed","template":"","meta":[],"product_brand":[],"product_cat":[307,45],"product_tag":[48],"class_list":{"0":"post-7332","1":"product","2":"type-product","3":"status-publish","4":"has-post-thumbnail","6":"product_cat-repuestos","7":"product_cat-termotanques","8":"product_tag-senorial","10":"first","11":"instock","12":"shipping-taxable","13":"purchasable","14":"product-type-simple"},"jetpack_sharing_enabled":true,"_links":{"self":[{"href":"https:\/\/inbeco.com.ar\/index.php\/wp-json\/wp\/v2\/product\/7332","targetHints":{"allow":["GET"]}}],"collection":[{"href":"https:\/\/inbeco.com.ar\/index.php\/wp-json\/wp\/v2\/product"}],"about":[{"href":"https:\/\/inbeco.com.ar\/index.php\/wp-json\/wp\/v2\/types\/product"}],"replies":[{"embeddable":true,"href":"https:\/\/inbeco.com.ar\/index.php\/wp-json\/wp\/v2\/comments?post=7332"}],"version-history":[{"count":1,"href":"https:\/\/inbeco.com.ar\/index.php\/wp-json\/wp\/v2\/product\/7332\/revisions"}],"predecessor-version":[{"id":7336,"href":"https:\/\/inbeco.com.ar\/index.php\/wp-json\/wp\/v2\/product\/7332\/revisions\/7336"}],"wp:featuredmedia":[{"embeddable":true,"href":"https:\/\/inbeco.com.ar\/index.php\/wp-json\/wp\/v2\/media\/7327"}],"wp:attachment":[{"href":"https:\/\/inbeco.com.ar\/index.php\/wp-json\/wp\/v2\/media?parent=7332"}],"wp:term":[{"taxonomy":"product_brand","embeddable":true,"href":"https:\/\/inbeco.com.ar\/index.php\/wp-json\/wp\/v2\/product_brand?post=7332"},{"taxonomy":"product_cat","embeddable":true,"href":"https:\/\/inbeco.com.ar\/index.php\/wp-json\/wp\/v2\/product_cat?post=7332"},{"taxonomy":"product_tag","embeddable":true,"href":"https:\/\/inbeco.com.ar\/index.php\/wp-json\/wp\/v2\/product_tag?post=7332"}],"curies":[{"name":"wp","href":"https:\/\/api.w.org\/{rel}","templated":true}]}}