{"id":7315,"date":"2026-04-01T16:24:35","date_gmt":"2026-04-01T19:24:35","guid":{"rendered":"https:\/\/inbeco.com.ar\/?post_type=product&#038;p=7315"},"modified":"2026-04-20T10:34:25","modified_gmt":"2026-04-20T13:34:25","slug":"conjunto-quemador-grande-160l-repuesto-termotanque-senorial","status":"publish","type":"product","link":"https:\/\/inbeco.com.ar\/index.php\/producto\/conjunto-quemador-grande-160l-repuesto-termotanque-senorial\/","title":{"rendered":"Conjunto Quemador Grande 160L Repuesto Termotanque Se\u00f1orial"},"content":{"rendered":"<p>QUEMADOR DE FUNDICI\u00d3N COMPLETO TERMOCUPLA PILOTO 2 VIROLAS 2 TUERCAS<\/p>\n<p>Compatible con los modelos de termotanque a gas de 160 Litros de Se\u00f1orial.<\/p>\n<p>TODAS las piezas de esta publicaci\u00f3n son ORIGINALES de Se\u00f1orial.<\/p>\n","protected":false},"excerpt":{"rendered":"<p>QUEMADOR DE FUNDICI\u00d3N COMPLETO TERMOCUPLA PILOTO 2 VIROLAS 2 TUERCAS Compatible con los modelos de termotanque a gas de 160 Litros de Se\u00f1orial. TODAS las piezas de esta publicaci\u00f3n son ORIGINALES de Se\u00f1orial.<\/p>\n","protected":false},"featured_media":7316,"comment_status":"open","ping_status":"closed","template":"","meta":[],"product_brand":[],"product_cat":[307,45],"product_tag":[],"class_list":{"0":"post-7315","1":"product","2":"type-product","3":"status-publish","4":"has-post-thumbnail","6":"product_cat-repuestos","7":"product_cat-termotanques","9":"first","10":"instock","11":"shipping-taxable","12":"purchasable","13":"product-type-simple"},"jetpack_sharing_enabled":true,"_links":{"self":[{"href":"https:\/\/inbeco.com.ar\/index.php\/wp-json\/wp\/v2\/product\/7315","targetHints":{"allow":["GET"]}}],"collection":[{"href":"https:\/\/inbeco.com.ar\/index.php\/wp-json\/wp\/v2\/product"}],"about":[{"href":"https:\/\/inbeco.com.ar\/index.php\/wp-json\/wp\/v2\/types\/product"}],"replies":[{"embeddable":true,"href":"https:\/\/inbeco.com.ar\/index.php\/wp-json\/wp\/v2\/comments?post=7315"}],"version-history":[{"count":1,"href":"https:\/\/inbeco.com.ar\/index.php\/wp-json\/wp\/v2\/product\/7315\/revisions"}],"predecessor-version":[{"id":7325,"href":"https:\/\/inbeco.com.ar\/index.php\/wp-json\/wp\/v2\/product\/7315\/revisions\/7325"}],"wp:featuredmedia":[{"embeddable":true,"href":"https:\/\/inbeco.com.ar\/index.php\/wp-json\/wp\/v2\/media\/7316"}],"wp:attachment":[{"href":"https:\/\/inbeco.com.ar\/index.php\/wp-json\/wp\/v2\/media?parent=7315"}],"wp:term":[{"taxonomy":"product_brand","embeddable":true,"href":"https:\/\/inbeco.com.ar\/index.php\/wp-json\/wp\/v2\/product_brand?post=7315"},{"taxonomy":"product_cat","embeddable":true,"href":"https:\/\/inbeco.com.ar\/index.php\/wp-json\/wp\/v2\/product_cat?post=7315"},{"taxonomy":"product_tag","embeddable":true,"href":"https:\/\/inbeco.com.ar\/index.php\/wp-json\/wp\/v2\/product_tag?post=7315"}],"curies":[{"name":"wp","href":"https:\/\/api.w.org\/{rel}","templated":true}]}}