{"id":7247,"date":"2026-03-30T14:31:13","date_gmt":"2026-03-30T17:31:13","guid":{"rendered":"https:\/\/inbeco.com.ar\/?post_type=product&#038;p=7247"},"modified":"2026-04-16T14:48:27","modified_gmt":"2026-04-16T17:48:27","slug":"biodigestor-rotoplas-950lts-kit-amanco-campo-de-infiltracion","status":"publish","type":"product","link":"https:\/\/inbeco.com.ar\/index.php\/producto\/biodigestor-rotoplas-950lts-kit-amanco-campo-de-infiltracion\/","title":{"rendered":"Biodigestor Rotoplas 950Lts + Kit Amanco Campo de Infiltraci\u00f3n"},"content":{"rendered":"<p>En zonas que\u00a0<strong>no cuentan con drenaje<\/strong>, un Biodigestor Autolimpiable<strong>\u00a0funciona de forma segura<\/strong>\u00a0y es muy\u00a0<strong>econ\u00f3mico<\/strong>, ya que ahorra costos de mantenimiento al ser\u00a0<strong>autolimpiable<\/strong>.<br \/>\nSu exclusiva formulaci\u00f3n\u00a0<strong>evita fisuras y filtraciones<\/strong>, su funcionamiento es\u00a0<strong>aut\u00f3nomo<\/strong>\u00a0y de\u00a0<strong>f\u00e1cil instalaci\u00f3n<\/strong>.<\/p>\n<p><strong>Caracter\u00edsticas:<\/strong><\/p>\n<ul>\n<li>El Biodigestor Autolimpiable es el \u00fanico patentado, el cual permitir\u00e1 sustituir de manera m\u00e1s eficiente el uso de fosas s\u00e9pticas. Esto gracias a que es capaz de realizar un tratamiento de aguas residuales a beneficio del medio ambiente y sin contaminar las napas fre\u00e1ticas.<\/li>\n<li>Soluci\u00f3n a tus necesidades.<\/li>\n<li>Amigable con tu entorno.<\/li>\n<li>El Biodigestor Autolimpiable realiza un tratamiento de agua primaria beneficiando el cuidado del medio ambiente y evitando la contaminaci\u00f3n de los mantos fre\u00e1ticos.<\/li>\n<li>Aporta puntos para la certificaci\u00f3n LEED al ser un producto sustentable, adem\u00e1s de que cumple con la Norma NOM-006-CONAGUA-1997<\/li>\n<li>Fosas s\u00e9pticas prefabricadas y especificaciones y m\u00e9todos de prueba.<\/li>\n<\/ul>\n","protected":false},"excerpt":{"rendered":"<p>INCLUYE:<\/p>\n<p>1 Biodigestor Autolimpiable Rotoplas 950Lts<\/p>\n<p>7 Ca\u00f1os 110 Perforados en 2 hileras a 45 grados del eje vertical<\/p>\n<p>1 Ca\u00f1o 110 sin perforar<\/p>\n<p>1 Tee 110<\/p>\n<p>2 Codos 110<\/p>\n<p>2 Tapas 110<\/p>\n<p>1 Reducci\u00f3n 110 a 63<\/p>\n<p>1 Adhesivo Amanco 250 cm3<\/p>\n","protected":false},"featured_media":7248,"comment_status":"open","ping_status":"closed","template":"","meta":[],"product_brand":[],"product_cat":[52,53],"product_tag":[],"class_list":{"0":"post-7247","1":"product","2":"type-product","3":"status-publish","4":"has-post-thumbnail","6":"product_cat-biodigestores","7":"product_cat-domesticos-biodigestores","9":"first","10":"instock","11":"shipping-taxable","12":"purchasable","13":"product-type-simple"},"jetpack_sharing_enabled":true,"_links":{"self":[{"href":"https:\/\/inbeco.com.ar\/index.php\/wp-json\/wp\/v2\/product\/7247","targetHints":{"allow":["GET"]}}],"collection":[{"href":"https:\/\/inbeco.com.ar\/index.php\/wp-json\/wp\/v2\/product"}],"about":[{"href":"https:\/\/inbeco.com.ar\/index.php\/wp-json\/wp\/v2\/types\/product"}],"replies":[{"embeddable":true,"href":"https:\/\/inbeco.com.ar\/index.php\/wp-json\/wp\/v2\/comments?post=7247"}],"version-history":[{"count":1,"href":"https:\/\/inbeco.com.ar\/index.php\/wp-json\/wp\/v2\/product\/7247\/revisions"}],"predecessor-version":[{"id":7249,"href":"https:\/\/inbeco.com.ar\/index.php\/wp-json\/wp\/v2\/product\/7247\/revisions\/7249"}],"wp:featuredmedia":[{"embeddable":true,"href":"https:\/\/inbeco.com.ar\/index.php\/wp-json\/wp\/v2\/media\/7248"}],"wp:attachment":[{"href":"https:\/\/inbeco.com.ar\/index.php\/wp-json\/wp\/v2\/media?parent=7247"}],"wp:term":[{"taxonomy":"product_brand","embeddable":true,"href":"https:\/\/inbeco.com.ar\/index.php\/wp-json\/wp\/v2\/product_brand?post=7247"},{"taxonomy":"product_cat","embeddable":true,"href":"https:\/\/inbeco.com.ar\/index.php\/wp-json\/wp\/v2\/product_cat?post=7247"},{"taxonomy":"product_tag","embeddable":true,"href":"https:\/\/inbeco.com.ar\/index.php\/wp-json\/wp\/v2\/product_tag?post=7247"}],"curies":[{"name":"wp","href":"https:\/\/api.w.org\/{rel}","templated":true}]}}