{"id":6149,"date":"2025-09-24T13:51:26","date_gmt":"2025-09-24T16:51:26","guid":{"rendered":"https:\/\/inbeco.com.ar\/?post_type=product&#038;p=6149"},"modified":"2026-02-27T18:53:18","modified_gmt":"2026-02-27T21:53:18","slug":"griferia-ips-titanium-bidet-2","status":"publish","type":"product","link":"https:\/\/inbeco.com.ar\/index.php\/producto\/griferia-ips-titanium-bidet-2\/","title":{"rendered":"Grifer\u00eda IPS Titanium Bidet"},"content":{"rendered":"","protected":false},"excerpt":{"rendered":"<ul>\n<li>Exactitud y est\u00e9tica en un dise\u00f1o \u00fanico.<br \/>\nSISTEMA DE CIERRE: Cer\u00e1mico<br \/>\nACABADOS: Pulido y Cromado brillante<br \/>\nSISTEMA ESPUMADOR: Incluido<br \/>\nMATERIALES: Bronce y ABS<\/li>\n<\/ul>\n","protected":false},"featured_media":6139,"comment_status":"open","ping_status":"closed","template":"","meta":[],"product_brand":[],"product_cat":[271,268,270],"product_tag":[73],"class_list":{"0":"post-6149","1":"product","2":"type-product","3":"status-publish","4":"has-post-thumbnail","6":"product_cat-bidet","7":"product_cat-griferias","8":"product_cat-ips","9":"product_tag-ips","11":"first","12":"instock","13":"shipping-taxable","14":"purchasable","15":"product-type-simple"},"jetpack_sharing_enabled":true,"_links":{"self":[{"href":"https:\/\/inbeco.com.ar\/index.php\/wp-json\/wp\/v2\/product\/6149","targetHints":{"allow":["GET"]}}],"collection":[{"href":"https:\/\/inbeco.com.ar\/index.php\/wp-json\/wp\/v2\/product"}],"about":[{"href":"https:\/\/inbeco.com.ar\/index.php\/wp-json\/wp\/v2\/types\/product"}],"replies":[{"embeddable":true,"href":"https:\/\/inbeco.com.ar\/index.php\/wp-json\/wp\/v2\/comments?post=6149"}],"version-history":[{"count":1,"href":"https:\/\/inbeco.com.ar\/index.php\/wp-json\/wp\/v2\/product\/6149\/revisions"}],"predecessor-version":[{"id":6150,"href":"https:\/\/inbeco.com.ar\/index.php\/wp-json\/wp\/v2\/product\/6149\/revisions\/6150"}],"wp:featuredmedia":[{"embeddable":true,"href":"https:\/\/inbeco.com.ar\/index.php\/wp-json\/wp\/v2\/media\/6139"}],"wp:attachment":[{"href":"https:\/\/inbeco.com.ar\/index.php\/wp-json\/wp\/v2\/media?parent=6149"}],"wp:term":[{"taxonomy":"product_brand","embeddable":true,"href":"https:\/\/inbeco.com.ar\/index.php\/wp-json\/wp\/v2\/product_brand?post=6149"},{"taxonomy":"product_cat","embeddable":true,"href":"https:\/\/inbeco.com.ar\/index.php\/wp-json\/wp\/v2\/product_cat?post=6149"},{"taxonomy":"product_tag","embeddable":true,"href":"https:\/\/inbeco.com.ar\/index.php\/wp-json\/wp\/v2\/product_tag?post=6149"}],"curies":[{"name":"wp","href":"https:\/\/api.w.org\/{rel}","templated":true}]}}