{"id":2537,"date":"2024-02-26T17:25:29","date_gmt":"2024-02-26T16:25:29","guid":{"rendered":"https:\/\/inbeco.com.ar\/?post_type=product&#038;p=2537"},"modified":"2026-03-12T17:36:28","modified_gmt":"2026-03-12T20:36:28","slug":"bomba-presurizadora-rowa-max-press-30-vf","status":"publish","type":"product","link":"https:\/\/inbeco.com.ar\/index.php\/producto\/bomba-presurizadora-rowa-max-press-30-vf\/","title":{"rendered":"Max Press 30 VF Bomba Presurizadora Rowa"},"content":{"rendered":"<ul>\n<li>Aumento de la presi\u00f3n de agua en viviendas en general con cisterna o tanque elevado.<\/li>\n<li>Bajo consumo, seguridad y confiabilidad. Hasta 4 plantas y 8 duchas.<\/li>\n<li>Bajo consumo de energ\u00eda.<\/li>\n<li>Cuando uno o varios consumos son utilizados, el equipo se pone en funcionamiento, a partir de ese instante comienza la modulaci\u00f3n, manteniendo la presi\u00f3n previamente fijada en forma constante.<\/li>\n<li>El equipo adapta su funcionamiento al nivel del consumo que realiza, incrementando a su vez su vida \u00fatil. F\u00e1cil instalaci\u00f3n.<\/li>\n<li>Presi\u00f3n confortable: el variador de frecuencia (VF) permite regular la presi\u00f3n del agua logrando as\u00ed obtener una presi\u00f3n confortable en toda la casa.<\/li>\n<\/ul>\n","protected":false},"excerpt":{"rendered":"<ul>\n<li>Consumo el\u00e9ctrico 9,4 A.<\/li>\n<li>Potencia 1 hp.<\/li>\n<li>Tipo de aislaci\u00f3n F.<\/li>\n<li>Altura m\u00e1xima 30 mca.<\/li>\n<li>Caudal m\u00e1ximo 7000 L\/h.<\/li>\n<li>Garant\u00eda oficial por 2 a\u00f1os.<\/li>\n<\/ul>\n","protected":false},"featured_media":5765,"comment_status":"open","ping_status":"closed","template":"","meta":[],"product_brand":[],"product_cat":[56,248,234,57,207],"product_tag":[77],"class_list":{"0":"post-2537","1":"product","2":"type-product","3":"status-publish","4":"has-post-thumbnail","6":"product_cat-bombas","7":"product_cat-max-press","8":"product_cat-press-domestica","9":"product_cat-presurizadoras","10":"product_cat-rowa-press","11":"product_tag-rowa","13":"first","14":"outofstock","15":"shipping-taxable","16":"purchasable","17":"product-type-simple"},"jetpack_sharing_enabled":true,"_links":{"self":[{"href":"https:\/\/inbeco.com.ar\/index.php\/wp-json\/wp\/v2\/product\/2537","targetHints":{"allow":["GET"]}}],"collection":[{"href":"https:\/\/inbeco.com.ar\/index.php\/wp-json\/wp\/v2\/product"}],"about":[{"href":"https:\/\/inbeco.com.ar\/index.php\/wp-json\/wp\/v2\/types\/product"}],"replies":[{"embeddable":true,"href":"https:\/\/inbeco.com.ar\/index.php\/wp-json\/wp\/v2\/comments?post=2537"}],"version-history":[{"count":2,"href":"https:\/\/inbeco.com.ar\/index.php\/wp-json\/wp\/v2\/product\/2537\/revisions"}],"predecessor-version":[{"id":6235,"href":"https:\/\/inbeco.com.ar\/index.php\/wp-json\/wp\/v2\/product\/2537\/revisions\/6235"}],"wp:featuredmedia":[{"embeddable":true,"href":"https:\/\/inbeco.com.ar\/index.php\/wp-json\/wp\/v2\/media\/5765"}],"wp:attachment":[{"href":"https:\/\/inbeco.com.ar\/index.php\/wp-json\/wp\/v2\/media?parent=2537"}],"wp:term":[{"taxonomy":"product_brand","embeddable":true,"href":"https:\/\/inbeco.com.ar\/index.php\/wp-json\/wp\/v2\/product_brand?post=2537"},{"taxonomy":"product_cat","embeddable":true,"href":"https:\/\/inbeco.com.ar\/index.php\/wp-json\/wp\/v2\/product_cat?post=2537"},{"taxonomy":"product_tag","embeddable":true,"href":"https:\/\/inbeco.com.ar\/index.php\/wp-json\/wp\/v2\/product_tag?post=2537"}],"curies":[{"name":"wp","href":"https:\/\/api.w.org\/{rel}","templated":true}]}}